+ 1/2*q**2. What is y(-2)?
0
Let d(n) = -n + 14. Let c be 16/(-2) - 30/30. What is d(c)?
23
Let z(v) = -v - 21. Let n(t) = t**3 + 17*t**2 + 22*t + 359. Let k be n(-17). Determine z(k).
-6
Let a be 25/2 - (3 + -2 - (-190)/(-76)). Let h(y) = -y**2 + 15*y. Determine h(a).
14
Let z be (208/91 + 4/(-14))*5/(-10). Let v(i) = -46*i - 50. Give v(z).
-4
Let m(k) = 8*k**3 - k**2 + 1. Let q = 510 - 514. Let j be 0 - 3 - (-10 - (q - 4)). What is m(j)?
-8
Suppose 0 = -y - 3*w - 2, -3*w + 2 = -w. Let o be (5 + 11/(-2))*(y + 1). Let z(d) = 2 + d**2 + 11*d - 2*d**o - 16*d. Calculate z(-5).
2
Let d(w) = 4*w - 6. Let x(j) = -3*j + 4. Let i(h) = 4*d(h) + 6*x(h). Let p(a) = -2*a**2 - 25*a - 31. Let s be p(-11). Determine i(s).
-4
Let b(h) = -25*h**2 - 14*h**2 - 11 + 35*h**2 + 13 + 8. Give b(0).
10
Let m = -5 + 11. Suppose 5*k = v + 3*k - 135, 0 = -v + 3*k + 132. Let z(q) = -6*q**2 - 2 - 279*q**3 + v*q**3 + 2*q + 139*q**3. What is z(m)?
10
Let b(d) be the third derivative of 2*d**2 + 0 - d + 0*d**3 - 1/24*d**4. Calculate b(2).
-2
Let j(n) = -n**2 + 9*n - 16. Let y = 358 - 352. Calculate j(y).
2
Suppose 11*a + 82 = -27*a - 70. Let q(v) be the first derivative of -v**2/2 + 2*v + 3. What is q(a)?
6
Let n = 9 + -4. Let c(w) = 3*w**2 + 17*w. Let h be c(-6). Let t(j) = -j + h*j**2 + 4 - 1 - 8*j + 3*j - j**3. Calculate t(n).
-2
Let s be (26/6)/(2535/1170). Let x(q) = -1 - 2*q + 6 - 2 - q. Give x(s).
-3
Let i = 11 + -15. Let m = 8295 - 8304. Let s be (-9)/24*i*(-30)/m. Let o(w) = -w**3 + 5*w**2 + w - 4. Calculate o(s).
1
Let k(a) = a**3 + 6*a**2 + 11*a + 1. Suppose -81*y - 132 = -48*y. Calculate k(y).
-11
Let i(l) = l**3 - 16. Let m = 339 - 323. Suppose 3*d + 16 = m. Give i(d).
-16
Let h(z) be the second derivative of 1 + 5*z - 15/2*z**2 + 1/6*z**3. Determine h(10).
-5
Let n = 10 - 1. Let j(o) = -64*o + 17. Let g(z) = 28*z + 7*z - 11 + 17 - 15. Let x(f) = 11*g(f) + 6*j(f). Determine x(n).
12
Suppose -12*i + 7 + 65 = 0. Let h(n) = -11*n - 1 + i*n + 0 + 4*n. Give h(0).
-1
Let c be 8/52 - 8/52. Suppose 3*d + 2*d - 2*b = 16, c = d + 2*b - 8. Let o(y) = -8 + y**3 - 11 - d*y**2 + 20 - 4. Determine o(4).
-3
Let g be (2*-1)/(-34 - 16428/(-481)). Let w(f) = -28*f - 370. Calculate w(g).
-6
Let w = -8367 + 8368. Let y(k) = 26*k**3 - 2*k**2 + 6*k - 4. Give y(w).
26
Let p(o) = -6*o + 113. Let g = 2 + 17. Determine p(g).
-1
Let b(x) = -x**2 - 27*x + 7. Let v(f) = 326*f - 1657. Let u be v(5). What is b(u)?
7
Let r(y) = 2*y**3 + y**2 + 2*y + 1. Let o(a) = 2*a**3 - 4*a**2 + 5*a. Let u be o(3). Let v be (64/(-10))/((-2)/10). Let d = v - u. What is r(d)?
-2
Let h(b) be the first derivative of -2*b**2 + 36*b - 8. Let q be h(11). Let v(z) = 2*z + 10. What is v(q)?
-6
Let m(r) = 2*r + 9. Let n be 12/(-4) - 8/((-8)/21). Suppose -3*x + a - n = 6*a, x + 6 = 3*a. What is m(x)?
-3
Let w(l) = 114*l + 346. Suppose 0 = 5*a + 5, 7*o - 4*a = 3*o - 8. Let m be w(o). Let u(p) = 3 + 0*p**3 + 5*p - 7 - p**3 + 2*p**2. Calculate u(m).
-16
Suppose -820*c + 808*c = -72. Let p(n) = -9*n + 12. What is p(c)?
-42
Let b = -19080 + 19077. Let h(g) = -4*g**2 + g - 10. Let j(o) = -7*o**2 + o - 19. Let t(d) = 5*h(d) - 3*j(d). Calculate t(b).
10
Suppose -4*y - 6 = -3*x, -5*x - 1193*y + 1197*y + 2 = 0. Let q(v) = -7*v**2 - v + 3. What is q(x)?
-23
Let h be 10/(-3) + (-8)/12 + 90. Let z(n) = 16 - 82*n + 28 + h*n. Let l(g) = g + 9. Let q(p) = -14*l(p) + 3*z(p). Calculate q(9).
-12
Let j be 9*-1 + (5 + 7 + 1 - 7). Let m(d) = 24*d + 2. Give m(j).
-70
Let g(c) = c**2 - c - 2. Let i(y) = -8*y + 30. Suppose -17 = -8*t + 7*t. Let d = 21 - t. Let l be i(d). Determine g(l).
4
Let i(b) be the third derivative of -b**5/60 + 3*b**4/8 - 5*b**3/3 + 8*b**2 + 70*b. Suppose -14 + 2 = -3*m. Suppose -13 - 15 = -m*w. Calculate i(w).
4
Suppose 706*u = 708*u - 2. Let g(c) = 30*c**2 - 2*c + 3. What is g(u)?
31
Let b(w) = w**3 + 3*w**2 + w - 3. Let x be ((-2)/4*-9)/((-1)/6). Let j = x - -9. Let y be ((-4)/18 + 50/j)*1. Calculate b(y).
-6
Let z(k) = -2*k**2 - 7*k - 1. Suppose 2*o + 3*c - 93 = 0, -7 = -c - 6. Suppose 0 = 148*s - 157*s - o. What is z(s)?
-16
Let n(p) = -412*p - 2478. Let l be n(-6). Let c(d) = -d - 13. Give c(l).
-7
Let j(c) = c**2 - 12*c + 8. Let h(d) = -65*d + 207. Let n be h(3). Determine j(n).
8
Let s(l) = 2*l**2 + 82*l - 447. Let q be s(5). Let d(b) = 6*b - 22. What is d(q)?
56
Let u(s) = s**2 - 11*s + 9. Let p(y) = y**3 - 27*y**2 + 51*y - 45. Let v be p(25). Let x be -6*v/36*3. What is u(x)?
-1
Let q = -1 + 4. Let t be 1/3 + q/(-9). Let x(j) = 13*j**2 - 24*j - 27. Let u(s) = 28*s**2 - 52*s - 59. Let g(c) = 6*u(c) - 13*x(c). Determine g(t).
-3
Let n(m) = -138*m**2 - 8*m + 139*m**2 + 8 + 0. Let b = 5 - -1. Give n(b).
-4
Let q(v) = -16*v + 96. Let y(f) = 13*f - 63. Let s(a) = 7*q(a) + 10*y(a). Calculate s(-5).
-48
Let h(q) = 2*q**3 - 10*q**2 - 9*q + 16. Let l be ((-5)/(-3))/(13 + -14)*(-51)/17. What is h(l)?
-29
Let p(m) = m**3 - 10*m**2 - 12*m + 3. Suppose b - 6 + 3 = 0. Suppose b*j = 4*c + 41, 5*j + 7 = -5*c + 52. Give p(j).
-8
Let c(w) = -7*w - 43. Let s be (22/924*-21)/((-1)/(-14)). Calculate c(s).
6
Let d(z) = z + 10. Let t(o) = 3. Let m(y) = 2*y + 1. Let q be m(2). Let r(n) = -4. Let u(v) = q*r(v) + 7*t(v). Let b(f) = -d(f) - 6*u(f). Determine b(-7).
-9
Let y be ((-210)/(-25))/(8/20). Suppose 0 = 54*r - y*r - 198. Let a(f) = 3*f - 17. Give a(r).
1
Suppose -46*c + 25*c + 3 = -20*c. Let b(u) be the second derivative of -1/2*u**2 - 1/3*u**c - 7/12*u**4 - 26*u + 0. Determine b(-1).
-6
Let v(f) = -f**2 + 20*f - 48. Let o be v(16). Suppose -o = 38*i - 30*i. Let b(u) = u**3 + 3*u**2 + u - 2. Determine b(i).
0
Suppose -m + 28 = -3*n, 6*m - 2*m + 4*n - 160 = 0. Suppose -10*t = -m - 13. Let j(u) = -u**2 + 6*u. Give j(t).
5
Let k(r) = -2*r - 2. Let f(m) = -5*m - 6. Let a(s) = -3*f(s) + 8*k(s). Let g be (-474)/((-2 - 72/(-42))*7). Suppose -g*b = -243*b - 30. Determine a(b).
7
Let u(o) = 12*o**3 - 48*o**2 - 47*o. Let g be u(-1). Let m(t) = -t**3 - 13*t**2 + 6. Give m(g).
6
Suppose 3*m + 11 = -4*d, -3*d + 2*m - 11 = 10. Let j(u) = -u**3 - 6*u**2 - 3*u + 3. What is j(d)?
-7
Let r = -7 - -10. Let i(w) = -2*w**2 - r*w + 4 + 3*w + w - 2. Let d(z) = z + 2. Let p be d(-5). Give i(p).
-19
Let q(y) = 7*y**2 - 7*y - 6. Suppose -19*s - 21 + 70 = -68*s. Determine q(s).
8
Let y = 14447 + -14465. Let w(h) = h**3 + 17*h**2 - 17*h + 23. Give w(y).
5
Let i(f) = -519*f + 15. Let j(k) = 1427*k - 43. Let v(a) = 11*i(a) + 4*j(a). Let h be 13/(-1 - (-2 + 2)). Calculate v(h).
6
Let d(p) = 5*p + 105. Let o(q) = 2*q**3 - 11*q**2 + 22*q - 321. Let x be o(7). What is d(x)?
5
Let h(d) be the third derivative of 3*d**2 + 5/12*d**4 + 0*d - 29 + 0*d**3 + 1/120*d**6 - 3/20*d**5. What is h(8)?
16
Let v(p) = -p**2 + 2*p - 3. Let a(l) = 4*l**2 - 2*l + 52. Let h(n) = a(n) + 5*v(n). Calculate h(11).
4
Let j(y) = -5*y. Suppose 2*b - 24 = l + l, 3*l = 0. Suppose -18*d - b - 60 = 0. What is j(d)?
20
Let i be 26/4 + (-1)/2. Let r(z) be the first derivative of z**4/12 - 5*z**3/6 - 3*z**2 - 78*z + 42. Let m(t) be the first derivative of r(t). Calculate m(i).
0
Let l be (-1)/(448/(-49) + 9). Let w = 2 - -4. Let x(h) = -w*h + h**3 + 0*h**3 - 2*h**3 + 8*h**2 - 7. Give x(l).
0
Let j(t) be the second derivative of -t**4/6 + 4*t**3/3 + 99*t**2 + 78*t. Let p(x) be the first derivative of j(x). Determine p(4).
-8
Let w(o) be the first derivative of -19*o**4/4 - o**3 + 7*o**2/2 - 3*o + 1668. Determine w(1).
-18
Let y be 132/84 - (-4 + (-228)/(-56)). Let v(m) be the second derivative of -7*m + y*m**2 + 0 - 1/6*m**3. Give v(0).
3
Let a(j) be the third derivative of 0 + 1/6*j**3 + 1/24*j**4 + j + 1/60*j**5 + 7*j**2. What is a(3)?
13
Let d(r) = -r**3 + 13*r**2 + 17*r + 1. Suppose -35*f - f + 315 = -189. Calculate d(f).
43
Let r(l) be the first derivative of l**3/3 - 7*l**2/2 + 2*l - 201. What is r(3)?
-10
Suppose -2*z = -x - 2, -3*z - x + 17 = x. Let r(i) = -712 - 715 + i - 707 + 2127. Determine r(z).
-4
Let t be 2 + (18/4 - 3)/(15/(-20)). Let d(j) = j**3 - 2*j - 11. Determine d(t).
-11
Suppose 3*k = 2*x + 60 - 17, -3*k + 5*x + 31 = 0. Let y(s) = s**2 - 9*s - 122. Give y(k).
14
Suppose -3 + 1 = n. Let c(p) = 152*p**2 - 18 - 151*p**2 + 19 - 34*p + 34*p. Give c(n).
5
Suppose 5*d + 2*p - 21 = 0, 0 = d - 0*p - 5*p + 12. Suppose z = -0*z - o + 8, -3*o = -d*z. Let i(x) = -x - 2*x + 2 + z*x + 